{"id":4344,"date":"2017-11-23T08:48:07","date_gmt":"2017-11-23T08:48:07","guid":{"rendered":"https:\/\/www.insisoc.uva.es\/?post_type=te_announcements&#038;p=4344"},"modified":"2019-08-27T10:31:00","modified_gmt":"2019-08-27T10:31:00","slug":"jose-perez-rios-academico-de-la-international-academy-for-systems-and-cybernetics-sciences","status":"publish","type":"te_announcements","link":"https:\/\/www.insisoc.uva.es\/index.php\/announcement\/jose-perez-rios-academico-de-la-international-academy-for-systems-and-cybernetics-sciences\/","title":{"rendered":"Jos\u00e9 P\u00e9rez-R\u00edos, Acad\u00e9mico de la \u201cIASCYS\u201d"},"content":{"rendered":"<p><!--more--><\/p>\n<p align=\"justify\">El Profesor <span style=\"color: #993366;\"><strong><a style=\"color: #993366;\" href=\"https:\/\/www.insisoc.uva.es\/index.php\/rs-jose-manuel-perez-rios\/\" target=\"_blank\" rel=\"noopener\">P\u00e9rez R\u00edos<\/a>,<\/strong><\/span> Catedr\u00e1tico de la Universidad de Valladolid, ha sido distinguido en el a\u00f1o 2017 como Acad\u00e9mico de la prestigiosa <span style=\"color: #000080;\"><a style=\"color: #000080;\" href=\"http:\/\/www.iascys.org\/pictures\/IASCYS_List27.jpg\" target=\"_blank\" rel=\"noopener\"><b>\u201cInternational Academy for Systems and Cybernetics Sciences\u00bb (IASCYS).<\/b><\/a><\/span> Pasa as\u00ed a engrosar un reducido listado en el que se incluyen prestigiosos acad\u00e9micos de todo el mundo.<\/p>\n<p>&nbsp;<\/p>\n<p><strong>Rese\u00f1as:<\/strong><\/p>\n<p><a href=\"http:\/\/www.systemdynamics.org\/index.php?option=com_content&amp;view=article&amp;id=157:member-jos--p-rez-r-os-appointed-academician-of-the-iascys--12-19-17-&amp;catid=23:news-feed\" target=\"_blank\" rel=\"noopener\"><strong>\u00b7 Member Jos\u00e9 P\u00e9rez R\u00edos Appointed Academician of the IASCYS<\/strong><\/a><\/p>\n<p align=\"justify\"><strong><a href=\"http:\/\/comunicacion.uva.es\/export\/sites\/comunicacion\/01.lauvainforma\/34721880-d680-11e7-9237-d59857eb090a\/\" target=\"_blank\" rel=\"noopener\">\u00b7\u00a0El catedr\u00e1tico de la UVa Jos\u00e9 P\u00e9rez R\u00edos, elegido acad\u00e9mico de la Academia Internacional de Sistemas y Ciencias Cibern\u00e9ticas<\/a><\/strong><\/p>\n<p align=\"justify\">\n<p align=\"justify\">\n<p><a href=\"https:\/\/www.insisoc.uva.es\/index.php\/rs-jose-manuel-perez-rios\/\" target=\"_blank\" rel=\"noopener\"><img loading=\"lazy\" decoding=\"async\" class=\" wp-image-8846 aligncenter\" src=\"https:\/\/www.insisoc.uva.es\/wp-content\/uploads\/2018\/07\/R\u00edos-Timeline-300x126.jpg\" alt=\"\" width=\"440\" height=\"185\" srcset=\"https:\/\/www.insisoc.uva.es\/wp-content\/uploads\/2018\/07\/R\u00edos-Timeline-300x126.jpg 300w, https:\/\/www.insisoc.uva.es\/wp-content\/uploads\/2018\/07\/R\u00edos-Timeline.jpg 451w\" sizes=\"(max-width: 440px) 100vw, 440px\" \/><\/a><\/p>\n<p>&nbsp;<\/p>\n","protected":false},"parent":0,"template":"","class_list":["post-4344","te_announcements","type-te_announcements","status-publish","hentry"],"announcement_date":"Announcement Date: 23 noviembre, 2017","announcement_image":{"iframe":false,"url":"https:\/\/www.insisoc.uva.es\/wp-content\/uploads\/2017\/11\/IASCYS_logo-Timeline.jpg"},"_links":{"self":[{"href":"https:\/\/www.insisoc.uva.es\/index.php\/wp-json\/wp\/v2\/announcement\/4344","targetHints":{"allow":["GET"]}}],"collection":[{"href":"https:\/\/www.insisoc.uva.es\/index.php\/wp-json\/wp\/v2\/announcement"}],"about":[{"href":"https:\/\/www.insisoc.uva.es\/index.php\/wp-json\/wp\/v2\/types\/te_announcements"}],"wp:attachment":[{"href":"https:\/\/www.insisoc.uva.es\/index.php\/wp-json\/wp\/v2\/media?parent=4344"}],"curies":[{"name":"wp","href":"https:\/\/api.w.org\/{rel}","templated":true}]}}

José Pérez-Ríos, Académico de la “IASCYS”

<p><!--more--></p>
<p align="justify">El Profesor <span style="color: #993366;"><strong><a style="color: #993366;" href="https://www.insisoc.uva.es/index.php/rs-jose-manuel-perez-rios/" target="_blank" rel="noopener">Pérez Ríos</a>,</strong></span> Catedrático de la Universidad de Valladolid, ha sido distinguido en el año 2017 como Académico de la prestigiosa <span style="color: #000080;"><a style="color: #000080;" href="http://www.iascys.org/pictures/IASCYS_List27.jpg" target="_blank" rel="noopener"><b>“International Academy for Systems and Cybernetics Sciences» (IASCYS).</b></a></span> Pasa así a engrosar un reducido listado en el que se incluyen prestigiosos académicos de todo el mundo.</p>
<p>&nbsp;</p>
<p><strong>Reseñas:</strong></p>
<p><a href="http://www.systemdynamics.org/index.php?option=com_content&amp;view=article&amp;id=157:member-jos--p-rez-r-os-appointed-academician-of-the-iascys--12-19-17-&amp;catid=23:news-feed" target="_blank" rel="noopener"><strong>· Member José Pérez Ríos Appointed Academician of the IASCYS</strong></a></p>
<p align="justify"><strong><a href="http://comunicacion.uva.es/export/sites/comunicacion/01.lauvainforma/34721880-d680-11e7-9237-d59857eb090a/" target="_blank" rel="noopener">· El catedrático de la UVa José Pérez Ríos, elegido académico de la Academia Internacional de Sistemas y Ciencias Cibernéticas</a></strong></p>
<p align="justify">
<p align="justify">
<p><a href="https://www.insisoc.uva.es/index.php/rs-jose-manuel-perez-rios/" target="_blank" rel="noopener"><img loading="lazy" decoding="async" class=" wp-image-8846 aligncenter" src="https://www.insisoc.uva.es/wp-content/uploads/2018/07/Ríos-Timeline-300x126.jpg" alt="" width="440" height="185" srcset="https://www.insisoc.uva.es/wp-content/uploads/2018/07/Ríos-Timeline-300x126.jpg 300w, https://www.insisoc.uva.es/wp-content/uploads/2018/07/Ríos-Timeline.jpg 451w" sizes="(max-width: 440px) 100vw, 440px" /></a></p>
<p>&nbsp;</p>
