{"id":6256,"date":"2018-10-29T08:31:40","date_gmt":"2018-10-29T08:31:40","guid":{"rendered":"https:\/\/www.insisoc.uva.es\/?page_id=6256"},"modified":"2020-07-18T12:21:36","modified_gmt":"2020-07-18T12:21:36","slug":"ins-book-chapters-2010","status":"publish","type":"page","link":"https:\/\/www.insisoc.uva.es\/index.php\/ins-book-chapters-2010\/","title":{"rendered":"Ins-Book Chapters 2010"},"content":{"rendered":"<p>[et_pb_section bb_built=\u00bb1&#8243; fullwidth=\u00bbon\u00bb _builder_version=\u00bb3.22&#8243; _i=\u00bb0&#8243; _address=\u00bb0&#8243; next_background_color=\u00bb#000000&#8243;][et_pb_fullwidth_header admin_label=\u00bbT\u00edtulo Book Chapters 2010&#8243; title=\u00bbBook Chapters 2010&#8243; subhead=\u00bbInsisoc has a lot of papers, which have been published on books\u00bb title_font_color=\u00bb#ffffff\u00bb subhead_font_color=\u00bb#ffffff\u00bb _builder_version=\u00bb3.16&#8243; title_text_color=\u00bb#ffffff\u00bb subhead_text_color=\u00bb#ffffff\u00bb subhead_font_size=\u00bb19px\u00bb background_size=\u00bbinitial\u00bb background_position=\u00bbtop_left\u00bb background_repeat=\u00bbrepeat\u00bb text_shadow_style=\u00bbpreset5&#8243; _i=\u00bb0&#8243; _address=\u00bb0.0&#8243; button_one_text_size__hover_enabled=\u00bboff\u00bb button_two_text_size__hover_enabled=\u00bboff\u00bb button_one_text_color__hover_enabled=\u00bboff\u00bb button_two_text_color__hover_enabled=\u00bboff\u00bb button_one_border_width__hover_enabled=\u00bboff\u00bb button_two_border_width__hover_enabled=\u00bboff\u00bb button_one_border_color__hover_enabled=\u00bboff\u00bb button_two_border_color__hover_enabled=\u00bboff\u00bb button_one_border_radius__hover_enabled=\u00bboff\u00bb button_two_border_radius__hover_enabled=\u00bboff\u00bb button_one_letter_spacing__hover_enabled=\u00bboff\u00bb button_two_letter_spacing__hover_enabled=\u00bboff\u00bb button_one_bg_color__hover_enabled=\u00bboff\u00bb button_two_bg_color__hover_enabled=\u00bboff\u00bb]<\/p>\n<p>[\/et_pb_fullwidth_header][et_pb_fullwidth_menu menu_id=\u00bb48&#8243; submenu_direction=\u00bbdownwards\u00bb fullwidth_menu=\u00bboff\u00bb active_link_color=\u00bb#b26200&#8243; dropdown_menu_line_color=\u00bb#6c9fc1&#8243; dropdown_menu_text_color=\u00bb#000000&#8243; mobile_menu_text_color=\u00bb#000000&#8243; _builder_version=\u00bb4.0.9&#8243; menu_font=\u00bb|700|||||||\u00bb menu_text_color=\u00bb#000000&#8243; menu_font_size=\u00bb16px\u00bb background_color=\u00bb#d7eaf4&#8243; text_orientation=\u00bbcenter\u00bb animation_style=\u00bbfade\u00bb animation_duration=\u00bb500ms\u00bb saved_tabs=\u00bball\u00bb _i=\u00bb1&#8243; _address=\u00bb0.1&#8243; menu_text_shadow_horizontal_length=\u00bbmenu_text_shadow_style,%91object Object%93&#8243; menu_text_shadow_horizontal_length_tablet=\u00bb0px\u00bb menu_text_shadow_vertical_length=\u00bbmenu_text_shadow_style,%91object Object%93&#8243; menu_text_shadow_vertical_length_tablet=\u00bb0px\u00bb menu_text_shadow_blur_strength=\u00bbmenu_text_shadow_style,%91object Object%93&#8243; menu_text_shadow_blur_strength_tablet=\u00bb1px\u00bb mobile_menu_bg_color=\u00bb#d7eaf4&#8243; box_shadow_horizontal_image_tablet=\u00bb0px\u00bb box_shadow_vertical_image_tablet=\u00bb0px\u00bb box_shadow_blur_image_tablet=\u00bb40px\u00bb box_shadow_spread_image_tablet=\u00bb0px\u00bb box_shadow_horizontal_tablet=\u00bb0px\u00bb box_shadow_vertical_tablet=\u00bb0px\u00bb box_shadow_blur_tablet=\u00bb40px\u00bb box_shadow_spread_tablet=\u00bb0px\u00bb z_index_tablet=\u00bb500&#8243;]<\/p>\n<p>[\/et_pb_fullwidth_menu][\/et_pb_section][et_pb_section bb_built=\u00bb1&#8243; _builder_version=\u00bb3.22&#8243; _i=\u00bb1&#8243; _address=\u00bb1&#8243; prev_background_color=\u00bb#000000&#8243;][et_pb_row _builder_version=\u00bb3.25&#8243; background_size=\u00bbinitial\u00bb background_position=\u00bbtop_left\u00bb background_repeat=\u00bbrepeat\u00bb _i=\u00bb0&#8243; _address=\u00bb1.0&#8243; column_structure=\u00bb3_4,1_4&#8243;][et_pb_column type=\u00bb3_4&#8243; _builder_version=\u00bb3.25&#8243; custom_padding=\u00bb|||\u00bb _i=\u00bb0&#8243; _address=\u00bb1.0.0&#8243; custom_padding__hover=\u00bb|||\u00bb][et_pb_text _builder_version=\u00bb4.0.9&#8243; _i=\u00bb0&#8243; _address=\u00bb1.0.0.0&#8243; text_text_shadow_horizontal_length=\u00bbtext_text_shadow_style,%91object Object%93&#8243; text_text_shadow_horizontal_length_tablet=\u00bb0px\u00bb text_text_shadow_vertical_length=\u00bbtext_text_shadow_style,%91object Object%93&#8243; text_text_shadow_vertical_length_tablet=\u00bb0px\u00bb text_text_shadow_blur_strength=\u00bbtext_text_shadow_style,%91object Object%93&#8243; text_text_shadow_blur_strength_tablet=\u00bb1px\u00bb link_text_shadow_horizontal_length=\u00bblink_text_shadow_style,%91object Object%93&#8243; link_text_shadow_horizontal_length_tablet=\u00bb0px\u00bb link_text_shadow_vertical_length=\u00bblink_text_shadow_style,%91object Object%93&#8243; link_text_shadow_vertical_length_tablet=\u00bb0px\u00bb link_text_shadow_blur_strength=\u00bblink_text_shadow_style,%91object Object%93&#8243; link_text_shadow_blur_strength_tablet=\u00bb1px\u00bb ul_text_shadow_horizontal_length=\u00bbul_text_shadow_style,%91object Object%93&#8243; ul_text_shadow_horizontal_length_tablet=\u00bb0px\u00bb ul_text_shadow_vertical_length=\u00bbul_text_shadow_style,%91object Object%93&#8243; ul_text_shadow_vertical_length_tablet=\u00bb0px\u00bb ul_text_shadow_blur_strength=\u00bbul_text_shadow_style,%91object Object%93&#8243; ul_text_shadow_blur_strength_tablet=\u00bb1px\u00bb ol_text_shadow_horizontal_length=\u00bbol_text_shadow_style,%91object Object%93&#8243; ol_text_shadow_horizontal_length_tablet=\u00bb0px\u00bb ol_text_shadow_vertical_length=\u00bbol_text_shadow_style,%91object Object%93&#8243; ol_text_shadow_vertical_length_tablet=\u00bb0px\u00bb ol_text_shadow_blur_strength=\u00bbol_text_shadow_style,%91object Object%93&#8243; ol_text_shadow_blur_strength_tablet=\u00bb1px\u00bb quote_text_shadow_horizontal_length=\u00bbquote_text_shadow_style,%91object Object%93&#8243; quote_text_shadow_horizontal_length_tablet=\u00bb0px\u00bb quote_text_shadow_vertical_length=\u00bbquote_text_shadow_style,%91object Object%93&#8243; quote_text_shadow_vertical_length_tablet=\u00bb0px\u00bb quote_text_shadow_blur_strength=\u00bbquote_text_shadow_style,%91object Object%93&#8243; quote_text_shadow_blur_strength_tablet=\u00bb1px\u00bb header_text_shadow_horizontal_length=\u00bbheader_text_shadow_style,%91object Object%93&#8243; header_text_shadow_horizontal_length_tablet=\u00bb0px\u00bb header_text_shadow_vertical_length=\u00bbheader_text_shadow_style,%91object Object%93&#8243; header_text_shadow_vertical_length_tablet=\u00bb0px\u00bb header_text_shadow_blur_strength=\u00bbheader_text_shadow_style,%91object Object%93&#8243; header_text_shadow_blur_strength_tablet=\u00bb1px\u00bb header_2_text_shadow_horizontal_length=\u00bbheader_2_text_shadow_style,%91object Object%93&#8243; header_2_text_shadow_horizontal_length_tablet=\u00bb0px\u00bb header_2_text_shadow_vertical_length=\u00bbheader_2_text_shadow_style,%91object Object%93&#8243; header_2_text_shadow_vertical_length_tablet=\u00bb0px\u00bb header_2_text_shadow_blur_strength=\u00bbheader_2_text_shadow_style,%91object Object%93&#8243; header_2_text_shadow_blur_strength_tablet=\u00bb1px\u00bb header_3_text_shadow_horizontal_length=\u00bbheader_3_text_shadow_style,%91object Object%93&#8243; header_3_text_shadow_horizontal_length_tablet=\u00bb0px\u00bb header_3_text_shadow_vertical_length=\u00bbheader_3_text_shadow_style,%91object Object%93&#8243; header_3_text_shadow_vertical_length_tablet=\u00bb0px\u00bb header_3_text_shadow_blur_strength=\u00bbheader_3_text_shadow_style,%91object Object%93&#8243; header_3_text_shadow_blur_strength_tablet=\u00bb1px\u00bb header_4_text_shadow_horizontal_length=\u00bbheader_4_text_shadow_style,%91object Object%93&#8243; header_4_text_shadow_horizontal_length_tablet=\u00bb0px\u00bb header_4_text_shadow_vertical_length=\u00bbheader_4_text_shadow_style,%91object Object%93&#8243; header_4_text_shadow_vertical_length_tablet=\u00bb0px\u00bb header_4_text_shadow_blur_strength=\u00bbheader_4_text_shadow_style,%91object Object%93&#8243; header_4_text_shadow_blur_strength_tablet=\u00bb1px\u00bb header_5_text_shadow_horizontal_length=\u00bbheader_5_text_shadow_style,%91object Object%93&#8243; header_5_text_shadow_horizontal_length_tablet=\u00bb0px\u00bb header_5_text_shadow_vertical_length=\u00bbheader_5_text_shadow_style,%91object Object%93&#8243; header_5_text_shadow_vertical_length_tablet=\u00bb0px\u00bb header_5_text_shadow_blur_strength=\u00bbheader_5_text_shadow_style,%91object Object%93&#8243; header_5_text_shadow_blur_strength_tablet=\u00bb1px\u00bb header_6_text_shadow_horizontal_length=\u00bbheader_6_text_shadow_style,%91object Object%93&#8243; header_6_text_shadow_horizontal_length_tablet=\u00bb0px\u00bb header_6_text_shadow_vertical_length=\u00bbheader_6_text_shadow_style,%91object Object%93&#8243; header_6_text_shadow_vertical_length_tablet=\u00bb0px\u00bb header_6_text_shadow_blur_strength=\u00bbheader_6_text_shadow_style,%91object Object%93&#8243; header_6_text_shadow_blur_strength_tablet=\u00bb1px\u00bb box_shadow_horizontal_tablet=\u00bb0px\u00bb box_shadow_vertical_tablet=\u00bb0px\u00bb box_shadow_blur_tablet=\u00bb40px\u00bb box_shadow_spread_tablet=\u00bb0px\u00bb z_index_tablet=\u00bb500&#8243;]<\/p>\n<p style=\"text-align: justify;\">Acebes, F.; Pajares, J.; L\u00f3pez-Paredes, A., (2010). <strong>Integrating Risk within the cost-schedule integrated project control system.<\/strong> Best Practices in Project Management. Methodologies and case studies in Construction and Engineering. pp.: 111-124. INSISOC. ISBN: 978-84-614-2560-0.<\/p>\n<p style=\"text-align: center;\"><strong>\u00a0<\/strong><\/p>\n<p style=\"text-align: justify;\">Ara\u00fazo, A.; Pajares, J.; L\u00f3pez-Paredes, A., (2010). <strong>An Agent Based Information System for Project Portfolio Management.<\/strong> Balanced Automation Systems for Future Manufacturing Networks. 9th IFIP WG 5.5 International Conference, BASYS 2010. Proceedings. Colecci\u00f3n: IFIP Advances in Information and Communication Technology, 322, pp.: 235-242. Springer. ISSN Colecci\u00f3n: 1868-422X, 1868-4238. ISBN: 978-3-642-14340-3. https:\/\/doi.org\/10.1007\/978-3-642-14341-0_27<br \/><em>Disponible en Internet en:<br \/><\/em><em><a href=\"https:\/\/link.springer.com\/content\/pdf\/10.1007%2F978-3-642-14341-0_27.pdf\" target=\"_blank\" rel=\"noopener noreferrer\">https:\/\/link.springer.com\/content\/pdf\/10.1007%2F978-3-642-14341-0_27.pdf<\/a><\/em><\/p>\n<p>&nbsp;<\/p>\n<p style=\"text-align: justify;\">Fuentes, R.; Gal\u00e1n, J.M.; Hassan, S.; L\u00f3pez-Paredes, A.; Pav\u00f3n, J., (2010). <strong>Application of Model Driven Techniques for Agent-Based Simulation.<\/strong> Advances in Practical Applications of Agents and Multiagent Systems. Colecci\u00f3n: Advances in Intelligent and Soft Computing, 70, pp.: 81-90. Springer. ISSN Colecci\u00f3n: 1867-5662. https:\/\/doi.org\/10.1007\/978-3-642-12384-9_11<br \/><em>Disponible en Internet en:<br \/><\/em><em><a href=\"https:\/\/link.springer.com\/content\/pdf\/10.1007%2F978-3-642-12384-9_11.pdf\" target=\"_blank\" rel=\"noopener noreferrer\">https:\/\/link.springer.com\/content\/pdf\/10.1007%2F978-3-642-12384-9_11.pdf<\/a><\/em><\/p>\n<p>&nbsp;<\/p>\n<p style=\"text-align: justify;\">Fuentes-Fern\u00e1ndez, R.; Gal\u00e1n-Ordax, J.M.; Hassan, S.; Pav\u00f3n-Mestras, J.; Villaf\u00e1\u00f1ez-Carde\u00f1oso, F.A., (2010). <strong>Metamodelling for Agent Based Modelling: An Application for Continuous Double Auctions<\/strong>. Balanced Automation Systems for Future Manufacturing Networks. 9th IFIP WG 5.5 International Conference, BASYS 2010. Proceedings. Colecci\u00f3n: IFIP Advances in Information and Communication Technology, 322. pp.: 285-292. Springer. ISSN Colecci\u00f3n: 1868-422X, 1868-4238. ISBN: 978-3-642-14340-3. https:\/\/doi.org\/10.1007\/978-3-642-14341-0_33<br \/><em>Disponible en Internet en:<br \/><\/em><em><a href=\"https:\/\/link.springer.com\/content\/pdf\/10.1007%2F978-3-642-14341-0_33.pdf\" target=\"_blank\" rel=\"noopener noreferrer\">https:\/\/link.springer.com\/content\/pdf\/10.1007%2F978-3-642-14341-0_33.pdf<\/a><\/em><\/p>\n<p>&nbsp;<\/p>\n<p style=\"text-align: justify;\">Hern\u00e1ndez, C.; Pajares, J.; L\u00f3pez-Paredes, A., (2010). <strong>Evaluaci\u00f3n y monitorizaci\u00f3n de carteras de proyectos: PV2PV. <\/strong>4th International Conference on Industrial Engineering and Industrial Management &#8211; XIV Congreso de Ingenier\u00eda de Organizaci\u00f3n (CIO 2010). pp.: 1483-1489. ADINGOR.<br \/><em>Disponible en Internet en:<br \/><\/em><a href=\"http:\/\/adingor.es\/congresos\/web\/uploads\/cio\/cio2010\/PROJECT_MANAGEMENT\/\/1483-1489.pdf\" target=\"_blank\" rel=\"noopener noreferrer\"><em>http:\/\/adingor.es\/congresos\/web\/uploads\/cio\/cio2010\/PROJECT_MANAGEMENT\/\/1483-1489.pdf<\/em><\/a><\/p>\n<p>&nbsp;<\/p>\n<p style=\"text-align: justify;\">Lavios-Villahoz, J.J.; Del Olmo-Mart\u00ednez, R.; Ara\u00fazo-Ara\u00fazo, J.A., (2010). <strong>Combinatorial Auctions for Coordination and Control of Manufacturing MAS: Updating Prices Methods.<\/strong> Soft Computing Models in Industrial and Environmental Applications, 5th International Workshop (SOCO 2010). Colecci\u00f3n: Advances in Intelligent and Soft Computing, 73, pp.: 27-30. Springer. ISSN Colecci\u00f3n: 1860-0794, 1867-5662. ISBN: 978-3-642-13160-8. https:\/\/doi.org\/10.1007\/978-3-642-13161-5_4<br \/><em>Disponible en Internet en:<br \/><\/em><em><a href=\"https:\/\/link.springer.com\/content\/pdf\/10.1007%2F978-3-642-13161-5_4.pdf\" target=\"_blank\" rel=\"noopener noreferrer\">https:\/\/link.springer.com\/content\/pdf\/10.1007%2F978-3-642-13161-5_4.pdf<\/a><\/em><\/p>\n<p>&nbsp;<\/p>\n<p style=\"text-align: justify;\">Lavios-Villahoz, J.J.; Del Olmo-Mart\u00ednez, R.; Ara\u00fazo-Ara\u00fazo, J.A.; Gal\u00e1n-Ordax, J.M., (2010). <strong>Price Updating in Combinatorial Auctions for Coordination of Manufacturing Multiagent Systems.<\/strong> Trends in Practical Applications of Agents and Multiagent Systems. Colecci\u00f3n: Advances in Intelligent and Soft Computing, 71, pp.: 201-207. Springer. ISSN Colecci\u00f3n: 1867-5662. https:\/\/doi.org\/10.1007\/978-3-642-12433-4_24<br \/><em>Disponible en Internet en:<br \/><\/em><em><a href=\"https:\/\/link.springer.com\/content\/pdf\/10.1007%2F978-3-642-12433-4_24.pdf\" target=\"_blank\" rel=\"noopener noreferrer\">https:\/\/link.springer.com\/content\/pdf\/10.1007%2F978-3-642-12433-4_24.pdf<\/a><\/em><\/p>\n<p>&nbsp;<\/p>\n<p style=\"text-align: justify;\">Mart\u00edn-Cruz, N.; G\u00e1mez-Alcalde, C., (2010). <strong>The delivery of public development aid.<\/strong> Anales de econom\u00eda aplicada, XXIV, pp.: 540-555. Delta Publicaciones. ISBN: 978-84-92954-15-5.<br \/><em>Disponible en Internet en:<br \/><\/em><em><a href=\"https:\/\/www.asepelt.org\/ficheros\/File\/Anales\/2010-Alicante\/ANALES-ECONOMIA-APLICADA-2010.pdf#page=540\" target=\"_blank\" rel=\"noopener noreferrer\">https:\/\/www.asepelt.org\/ficheros\/File\/Anales\/2010-Alicante\/ANALES-ECONOMIA-APLICADA-2010.pdf#page=540<\/a><\/em><\/p>\n<p>&nbsp;<\/p>\n<p style=\"text-align: justify;\">Mart\u00edn-P\u00e9rez, V.; Mart\u00edn-Cruz, N.; P\u00e9rez-Santana, P.; Hernang\u00f3mez-Barahona, J.; Mart\u00edn-Sierra, C., (2010).<strong>\u00a0&#8216;Virtual Learning-by-Doing&#8217; Teamwork KSA: Strategic Management Simulation as an Effective Tool. <\/strong>Technology Enhanced Learning. Quality of Teaching and Educational Reform. pp.: 252-258. Springer. ISBN: 978-3-642-13165-3. https:\/\/doi.org\/10.1007\/978-3-642-13166-0_36<\/p>\n<p>&nbsp;<\/p>\n<p style=\"text-align: justify;\">Pajares-Guti\u00e9rrez, J.; L\u00f3pez-Paredes, A.; Hern\u00e1ndez-Iglesias, C.; (Eds.), (2010). <strong>Best Practices in Project Management. Methodologies and case studies in Construction and Engineering. <\/strong>P\u00e1ginas: 165. INSISOC. ISBN: 978-84-614-2560-0.<\/p>\n<p>&nbsp;<\/p>\n<p style=\"text-align: justify;\">P\u00e9rez-R\u00edos, J., (2010). <strong>An Organizational Cybernetics framework for diagnosing and designing organizations. <\/strong>Cybernetics and Systems. pp.: 383-388. Austrian Society for Cybernetic Studies. ISBN: 978-3-85206-178-8.<\/p>\n<p>&nbsp;<\/p>\n<p style=\"text-align: justify;\">Poza, D.; Gal\u00e1n, J.M.; Santos, J.I.; L\u00f3pez-Paredes, A., (2010). <strong>An Agent Based Model of the Nash demand game in Regular Lattices.<\/strong> Balanced Automation Systems for Future Manufacturing Networks. 9th IFIP WG 5.5 International Conference, BASYS 2010. Proceedings. Colecci\u00f3n: IFIP Advances in Information and Communication Technology, 322, pp.: 243-250. Springer. ISSN Colecci\u00f3n: 1868-422X, 1868-4238. ISBN: 978-3-642-14340-3. https:\/\/doi.org\/10.1007\/978-3-642-14341-0_28<br \/><em>Disponible en Internet en:<br \/><\/em><em><a href=\"https:\/\/link.springer.com\/content\/pdf\/10.1007%2F978-3-642-14341-0_28.pdf\" target=\"_blank\" rel=\"noopener noreferrer\">https:\/\/link.springer.com\/content\/pdf\/10.1007%2F978-3-642-14341-0_28.pdf<\/a><\/em><\/p>\n<p style=\"text-align: center;\"><em>\u00a0<\/em><\/p>\n<p style=\"text-align: justify;\">Poza, D.; Gal\u00e1n, J.M.; Santos, J.I.; L\u00f3pez-Paredes, A., (2010). <strong>Emergencia de normas espaciales de negociaci\u00f3n en el juego de demanda de Nash<\/strong>. 4th International Conference on Industrial Engineering and Industrial Management &#8211; XIV Congreso de Ingenier\u00eda de Organizaci\u00f3n (CIO 2010). pp.: 26-34. ADINGOR.<br \/><em>Disponible en Internet en:<br \/><\/em><a href=\"http:\/\/adingor.es\/congresos\/web\/uploads\/cio\/cio2010\/AGENT_BASED_MODELING_AND_MULTIAGENT_SYSTEMS\/\/26-34.pdf\" target=\"_blank\" rel=\"noopener noreferrer\"><em>http:\/\/adingor.es\/congresos\/web\/uploads\/cio\/cio2010\/AGENT_BASED_MODELING_AND_MULTIAGENT_SYSTEMS\/\/26-34.pdf<\/em><\/a><\/p>\n<p>&nbsp;<\/p>\n<p style=\"text-align: justify;\">Santos, J.I.; Del Olmo, R.; Pajares, J., (2010). <strong>Evolutionary Model of an Innovative and Differentiated Industry.<\/strong> Balanced Automation Systems for Future Manufacturing Networks. 9th IFIP WG 5.5 International Conference, BASYS 2010. Proceedings. Colecci\u00f3n: IFIP Advances in Information and Communication Technology, 322, pp.: 268-275. Springer. ISSN Colecci\u00f3n: 1868-422X, 1868-4238. ISBN: 978-3-642-14340-3. https:\/\/doi.org\/10.1007\/978-3-642-14341-0_31<br \/><em>Disponible en Internet en:<br \/><\/em><em><a href=\"https:\/\/link.springer.com\/content\/pdf\/10.1007%2F978-3-642-14341-0_31.pdf\" target=\"_blank\" rel=\"noopener noreferrer\">https:\/\/link.springer.com\/content\/pdf\/10.1007%2F978-3-642-14341-0_31.pdf<\/a><\/em><\/p>\n<p>&nbsp;<\/p>\n<p style=\"text-align: justify;\">Villaf\u00e1\u00f1ez, F.; Pajares, J.; L\u00f3pez, A., (2010). <strong>Un modelo de programaci\u00f3n de entornos multi-proyecto basado en la Metodolog\u00eda de la Cadena Cr\u00edtica.<\/strong> Best Practices in Project Management. Methodologies and case studies in Construction and Engineering. pp.: 141-152. INSISOC. ISBN: 978-84-614-2560-0.<br \/><em>Disponible en Internet en:<br \/><\/em><a href=\"http:\/\/adingor.es\/congresos\/web\/uploads\/cio\/cio2010\/PROJECT_MANAGEMENT\/\/1526-1535.pdf\" target=\"_blank\" rel=\"noopener noreferrer\"><em>http:\/\/adingor.es\/congresos\/web\/uploads\/cio\/cio2010\/PROJECT_MANAGEMENT\/\/1526-1535.pdf<\/em><\/a><\/p>\n<p>&nbsp;<\/p>\n<p style=\"text-align: justify;\">Villaf\u00e1\u00f1ez-Carde\u00f1oso, F.A.; Pajares-Guti\u00e9rrez, J.; L\u00f3pez-Paredes, A., (2010). <strong>Un modelo de programaci\u00f3n de entornos multi-proyecto basado en la Metodolog\u00eda de la Cadena Cr\u00edtica.<\/strong> 4th International Conference on Industrial Engineering and Industrial Management. XIV Congreso de Ingenier\u00eda de Organizaci\u00f3n (CIO 2010). pp.: 1526-1535. ADINGOR.<br \/><em>Disponible en Internet en:<br \/><\/em><a href=\"http:\/\/adingor.es\/congresos\/web\/uploads\/cio\/cio2010\/PROJECT_MANAGEMENT\/\/1526-1535.pdf\" target=\"_blank\" rel=\"noopener noreferrer\"><em>http:\/\/adingor.es\/congresos\/web\/uploads\/cio\/cio2010\/PROJECT_MANAGEMENT\/\/1526-1535.pdf<\/em><\/a><\/p>\n<p>&nbsp;<\/p>\n<p style=\"text-align: justify;\">Villaf\u00e1\u00f1ez, F.; Poza, D.J., (2010). <strong>Propuesta de Modelo MAS para la resoluci\u00f3n del RCMPSP basado en Subastas Combinatorias.<\/strong> Best Practices in Project Management. Methodologies and case studies in Construction and Engineering. pp.: 153-165. INSISOC. ISBN: 978-84-614-2560-0.<\/p>\n<p>[\/et_pb_text][\/et_pb_column][et_pb_column type=\u00bb1_4&#8243; _builder_version=\u00bb3.25&#8243; custom_padding=\u00bb|||\u00bb _i=\u00bb1&#8243; _address=\u00bb1.0.1&#8243; custom_padding__hover=\u00bb|||\u00bb][et_pb_image align_tablet=\u00bbcenter\u00bb align_last_edited=\u00bbon|desktop\u00bb _builder_version=\u00bb3.23&#8243; _i=\u00bb0&#8243; _address=\u00bb1.0.1.0&#8243;]<\/p>\n<p>[\/et_pb_image][\/et_pb_column][\/et_pb_row][\/et_pb_section]<\/p>\n","protected":false},"excerpt":{"rendered":"<p>Acebes, F.; Pajares, J.; L\u00f3pez-Paredes, A., (2010). Integrating Risk within the cost-schedule integrated project control system. Best Practices in Project Management. Methodologies and case studies in Construction and Engineering. pp.: 111-124. INSISOC. ISBN: 978-84-614-2560-0. \u00a0 Ara\u00fazo, A.; Pajares, J.; L\u00f3pez-Paredes, A., (2010). An Agent Based Information System for Project Portfolio Management. Balanced Automation Systems for [&hellip;]<\/p>\n","protected":false},"author":11,"featured_media":0,"parent":0,"menu_order":0,"comment_status":"closed","ping_status":"closed","template":"","meta":{"_et_pb_use_builder":"on","_et_pb_old_content":"","_et_gb_content_width":"","footnotes":""},"class_list":["post-6256","page","type-page","status-publish","hentry"],"_links":{"self":[{"href":"https:\/\/www.insisoc.uva.es\/index.php\/wp-json\/wp\/v2\/pages\/6256","targetHints":{"allow":["GET"]}}],"collection":[{"href":"https:\/\/www.insisoc.uva.es\/index.php\/wp-json\/wp\/v2\/pages"}],"about":[{"href":"https:\/\/www.insisoc.uva.es\/index.php\/wp-json\/wp\/v2\/types\/page"}],"author":[{"embeddable":true,"href":"https:\/\/www.insisoc.uva.es\/index.php\/wp-json\/wp\/v2\/users\/11"}],"replies":[{"embeddable":true,"href":"https:\/\/www.insisoc.uva.es\/index.php\/wp-json\/wp\/v2\/comments?post=6256"}],"version-history":[{"count":0,"href":"https:\/\/www.insisoc.uva.es\/index.php\/wp-json\/wp\/v2\/pages\/6256\/revisions"}],"wp:attachment":[{"href":"https:\/\/www.insisoc.uva.es\/index.php\/wp-json\/wp\/v2\/media?parent=6256"}],"curies":[{"name":"wp","href":"https:\/\/api.w.org\/{rel}","templated":true}]}}