{"id":6460,"date":"2018-10-30T13:02:44","date_gmt":"2018-10-30T13:02:44","guid":{"rendered":"https:\/\/www.insisoc.uva.es\/?page_id=6460"},"modified":"2020-07-05T01:48:02","modified_gmt":"2020-07-05T01:48:02","slug":"ins-conferences-2009","status":"publish","type":"page","link":"https:\/\/www.insisoc.uva.es\/index.php\/ins-conferences-2009\/","title":{"rendered":"Ins-Conferences 2009"},"content":{"rendered":"<p>[et_pb_section bb_built=\u00bb1&#8243; fullwidth=\u00bbon\u00bb _builder_version=\u00bb3.22&#8243; _i=\u00bb0&#8243; _address=\u00bb0&#8243; next_background_color=\u00bb#000000&#8243;][et_pb_fullwidth_header admin_label=\u00bbT\u00edtulo Conferences 2009&#8243; title=\u00bbConferences 2009&#8243; subhead=\u00bbInsisoc has attended the following conferences\u00bb title_font_color=\u00bb#ffffff\u00bb subhead_font_color=\u00bb#ffffff\u00bb _builder_version=\u00bb3.16&#8243; title_text_color=\u00bb#ffffff\u00bb subhead_text_color=\u00bb#ffffff\u00bb subhead_font_size=\u00bb19px\u00bb background_size=\u00bbinitial\u00bb background_position=\u00bbtop_left\u00bb background_repeat=\u00bbrepeat\u00bb text_shadow_style=\u00bbpreset5&#8243; _i=\u00bb0&#8243; _address=\u00bb0.0&#8243; button_one_text_size__hover_enabled=\u00bboff\u00bb button_two_text_size__hover_enabled=\u00bboff\u00bb button_one_text_color__hover_enabled=\u00bboff\u00bb button_two_text_color__hover_enabled=\u00bboff\u00bb button_one_border_width__hover_enabled=\u00bboff\u00bb button_two_border_width__hover_enabled=\u00bboff\u00bb button_one_border_color__hover_enabled=\u00bboff\u00bb button_two_border_color__hover_enabled=\u00bboff\u00bb button_one_border_radius__hover_enabled=\u00bboff\u00bb button_two_border_radius__hover_enabled=\u00bboff\u00bb button_one_letter_spacing__hover_enabled=\u00bboff\u00bb button_two_letter_spacing__hover_enabled=\u00bboff\u00bb button_one_bg_color__hover_enabled=\u00bboff\u00bb button_two_bg_color__hover_enabled=\u00bboff\u00bb]<\/p>\n<p>[\/et_pb_fullwidth_header][et_pb_fullwidth_menu menu_id=\u00bb51&#8243; submenu_direction=\u00bbdownwards\u00bb fullwidth_menu=\u00bboff\u00bb active_link_color=\u00bb#b26200&#8243; dropdown_menu_line_color=\u00bb#6c9fc1&#8243; dropdown_menu_text_color=\u00bb#000000&#8243; mobile_menu_text_color=\u00bb#000000&#8243; _builder_version=\u00bb3.12&#8243; menu_font=\u00bb|700|||||||\u00bb menu_text_color=\u00bb#000000&#8243; menu_font_size=\u00bb15px\u00bb background_color=\u00bb#d7eaf4&#8243; text_orientation=\u00bbcenter\u00bb animation_style=\u00bbfade\u00bb animation_duration=\u00bb500ms\u00bb saved_tabs=\u00bball\u00bb _i=\u00bb1&#8243; _address=\u00bb0.1&#8243;]<\/p>\n<p>[\/et_pb_fullwidth_menu][\/et_pb_section][et_pb_section bb_built=\u00bb1&#8243; _builder_version=\u00bb3.22&#8243; _i=\u00bb1&#8243; _address=\u00bb1&#8243; prev_background_color=\u00bb#000000&#8243;][et_pb_row column_structure=\u00bb2_3,1_3&#8243; _builder_version=\u00bb3.25&#8243; background_size=\u00bbinitial\u00bb background_position=\u00bbtop_left\u00bb background_repeat=\u00bbrepeat\u00bb _i=\u00bb0&#8243; _address=\u00bb1.0&#8243;][et_pb_column type=\u00bb2_3&#8243; _builder_version=\u00bb3.25&#8243; custom_padding=\u00bb|||\u00bb _i=\u00bb0&#8243; _address=\u00bb1.0.0&#8243; custom_padding__hover=\u00bb|||\u00bb][et_pb_text _builder_version=\u00bb4.0.9&#8243; _i=\u00bb0&#8243; _address=\u00bb1.0.0.0&#8243; text_text_shadow_horizontal_length=\u00bbtext_text_shadow_style,%91object Object%93&#8243; text_text_shadow_horizontal_length_tablet=\u00bb0px\u00bb text_text_shadow_vertical_length=\u00bbtext_text_shadow_style,%91object Object%93&#8243; text_text_shadow_vertical_length_tablet=\u00bb0px\u00bb text_text_shadow_blur_strength=\u00bbtext_text_shadow_style,%91object Object%93&#8243; text_text_shadow_blur_strength_tablet=\u00bb1px\u00bb link_text_shadow_horizontal_length=\u00bblink_text_shadow_style,%91object Object%93&#8243; link_text_shadow_horizontal_length_tablet=\u00bb0px\u00bb link_text_shadow_vertical_length=\u00bblink_text_shadow_style,%91object Object%93&#8243; link_text_shadow_vertical_length_tablet=\u00bb0px\u00bb link_text_shadow_blur_strength=\u00bblink_text_shadow_style,%91object Object%93&#8243; link_text_shadow_blur_strength_tablet=\u00bb1px\u00bb ul_text_shadow_horizontal_length=\u00bbul_text_shadow_style,%91object Object%93&#8243; ul_text_shadow_horizontal_length_tablet=\u00bb0px\u00bb ul_text_shadow_vertical_length=\u00bbul_text_shadow_style,%91object Object%93&#8243; ul_text_shadow_vertical_length_tablet=\u00bb0px\u00bb ul_text_shadow_blur_strength=\u00bbul_text_shadow_style,%91object Object%93&#8243; ul_text_shadow_blur_strength_tablet=\u00bb1px\u00bb ol_text_shadow_horizontal_length=\u00bbol_text_shadow_style,%91object Object%93&#8243; ol_text_shadow_horizontal_length_tablet=\u00bb0px\u00bb ol_text_shadow_vertical_length=\u00bbol_text_shadow_style,%91object Object%93&#8243; ol_text_shadow_vertical_length_tablet=\u00bb0px\u00bb ol_text_shadow_blur_strength=\u00bbol_text_shadow_style,%91object Object%93&#8243; ol_text_shadow_blur_strength_tablet=\u00bb1px\u00bb quote_text_shadow_horizontal_length=\u00bbquote_text_shadow_style,%91object Object%93&#8243; quote_text_shadow_horizontal_length_tablet=\u00bb0px\u00bb quote_text_shadow_vertical_length=\u00bbquote_text_shadow_style,%91object Object%93&#8243; quote_text_shadow_vertical_length_tablet=\u00bb0px\u00bb quote_text_shadow_blur_strength=\u00bbquote_text_shadow_style,%91object Object%93&#8243; quote_text_shadow_blur_strength_tablet=\u00bb1px\u00bb header_text_shadow_horizontal_length=\u00bbheader_text_shadow_style,%91object Object%93&#8243; header_text_shadow_horizontal_length_tablet=\u00bb0px\u00bb header_text_shadow_vertical_length=\u00bbheader_text_shadow_style,%91object Object%93&#8243; header_text_shadow_vertical_length_tablet=\u00bb0px\u00bb header_text_shadow_blur_strength=\u00bbheader_text_shadow_style,%91object Object%93&#8243; header_text_shadow_blur_strength_tablet=\u00bb1px\u00bb header_2_text_shadow_horizontal_length=\u00bbheader_2_text_shadow_style,%91object Object%93&#8243; header_2_text_shadow_horizontal_length_tablet=\u00bb0px\u00bb header_2_text_shadow_vertical_length=\u00bbheader_2_text_shadow_style,%91object Object%93&#8243; header_2_text_shadow_vertical_length_tablet=\u00bb0px\u00bb header_2_text_shadow_blur_strength=\u00bbheader_2_text_shadow_style,%91object Object%93&#8243; header_2_text_shadow_blur_strength_tablet=\u00bb1px\u00bb header_3_text_shadow_horizontal_length=\u00bbheader_3_text_shadow_style,%91object Object%93&#8243; header_3_text_shadow_horizontal_length_tablet=\u00bb0px\u00bb header_3_text_shadow_vertical_length=\u00bbheader_3_text_shadow_style,%91object Object%93&#8243; header_3_text_shadow_vertical_length_tablet=\u00bb0px\u00bb header_3_text_shadow_blur_strength=\u00bbheader_3_text_shadow_style,%91object Object%93&#8243; header_3_text_shadow_blur_strength_tablet=\u00bb1px\u00bb header_4_text_shadow_horizontal_length=\u00bbheader_4_text_shadow_style,%91object Object%93&#8243; header_4_text_shadow_horizontal_length_tablet=\u00bb0px\u00bb header_4_text_shadow_vertical_length=\u00bbheader_4_text_shadow_style,%91object Object%93&#8243; header_4_text_shadow_vertical_length_tablet=\u00bb0px\u00bb header_4_text_shadow_blur_strength=\u00bbheader_4_text_shadow_style,%91object Object%93&#8243; header_4_text_shadow_blur_strength_tablet=\u00bb1px\u00bb header_5_text_shadow_horizontal_length=\u00bbheader_5_text_shadow_style,%91object Object%93&#8243; header_5_text_shadow_horizontal_length_tablet=\u00bb0px\u00bb header_5_text_shadow_vertical_length=\u00bbheader_5_text_shadow_style,%91object Object%93&#8243; header_5_text_shadow_vertical_length_tablet=\u00bb0px\u00bb header_5_text_shadow_blur_strength=\u00bbheader_5_text_shadow_style,%91object Object%93&#8243; header_5_text_shadow_blur_strength_tablet=\u00bb1px\u00bb header_6_text_shadow_horizontal_length=\u00bbheader_6_text_shadow_style,%91object Object%93&#8243; header_6_text_shadow_horizontal_length_tablet=\u00bb0px\u00bb header_6_text_shadow_vertical_length=\u00bbheader_6_text_shadow_style,%91object Object%93&#8243; header_6_text_shadow_vertical_length_tablet=\u00bb0px\u00bb header_6_text_shadow_blur_strength=\u00bbheader_6_text_shadow_style,%91object Object%93&#8243; header_6_text_shadow_blur_strength_tablet=\u00bb1px\u00bb box_shadow_horizontal_tablet=\u00bb0px\u00bb box_shadow_vertical_tablet=\u00bb0px\u00bb box_shadow_blur_tablet=\u00bb40px\u00bb box_shadow_spread_tablet=\u00bb0px\u00bb z_index_tablet=\u00bb500&#8243;]<\/p>\n<p><strong>T\u00edtulo del trabajo:<\/strong> Project Portoflio Assessment with MultiAgent Systems.<\/p>\n<p><strong>Nombre del evento:<\/strong> IEEE International Conference on Intelligent Computing and Intelligent Systems (ICIS 2009)<\/p>\n<p><strong>Ciudad de celebraci\u00f3n:<\/strong> Shanghai, China<\/p>\n<p><strong>Fecha de celebraci\u00f3n:<\/strong> 20\/11\/2009<\/p>\n<p><strong>Fecha de finalizaci\u00f3n:<\/strong> 22\/11\/2009<\/p>\n<p><strong>Entidad organizadora: <\/strong>IEEE &#8211; Institute of Electrical and Electronics Engineers<\/p>\n<p><strong>Autores: <\/strong>Ara\u00fazo, A.; Pajares, J.; L\u00f3pez-Paredes, A.; Pav\u00f3n, J.<\/p>\n<hr \/>\n<p><strong>\u00a0<\/strong><\/p>\n<p><strong>T\u00edtulo del trabajo:<\/strong> A Survey of University-Industry Relationships in Castilla y Leon (Spain).<\/p>\n<p><strong>Nombre del evento:<\/strong> 2nd International Conference of Education, Research and Innovation (ICERI 2009)<\/p>\n<p><strong>Ciudad de celebraci\u00f3n:<\/strong> Madrid, Espa\u00f1a<\/p>\n<p><strong>Fecha de celebraci\u00f3n:<\/strong> 16\/11\/2009<\/p>\n<p><strong>Fecha de finalizaci\u00f3n: <\/strong>18\/11\/2009<\/p>\n<p><strong>Entidad organizadora: <\/strong>IATED <strong>&#8211; <\/strong>International Academy of Technology, Education and Development<\/p>\n<p><strong>Autores: <\/strong>L\u00f3pez-Paredes, A.; Pajares-Guti\u00e9rrez, J.; Calvo, Y.<\/p>\n<hr \/>\n<p><strong>\u00a0<\/strong><\/p>\n<p><strong>T\u00edtulo del trabajo:<\/strong> Education in Project Management: Training and Evaluation of Managerial Skills.<\/p>\n<p><strong>Nombre del evento:<\/strong> 2nd International Conference of Education, Research and Innovation (ICERI 2009)<\/p>\n<p><strong>Ciudad de celebraci\u00f3n:<\/strong> Madrid, Espa\u00f1a<\/p>\n<p><strong>Fecha de celebraci\u00f3n:<\/strong> 16\/11\/2009<\/p>\n<p><strong>Fecha de finalizaci\u00f3n: <\/strong>18\/11\/2009<\/p>\n<p><strong>Entidad organizadora: <\/strong>IATED <strong>&#8211; <\/strong>International Academy of Technology, Education and Development<\/p>\n<p><strong>Autores: <\/strong>L\u00f3pez Paredes, A.; Pajares<strong>&#8211;<\/strong>Guti\u00e9rrez, J.; Gal\u00e1n-Ordax, J.M.<\/p>\n<hr \/>\n<p>\u00a0<\/p>\n<p><strong>T\u00edtulo del trabajo:<\/strong> Reducing the Modeling Gap: On the use of metamodels in agent-based simulation.<\/p>\n<p><strong>Nombre del CONGRESO:<\/strong> 6th Conference of the European Social Simulation Association (ESSA 2009)<\/p>\n<p><strong>Ciudad de celebraci\u00f3n:<\/strong> Guilford, Surrey, East and West Sussex, Reino Unido<\/p>\n<p><strong>Fecha de celebraci\u00f3n:<\/strong> 14\/09\/2009<\/p>\n<p><strong>Fecha de finalizaci\u00f3n:<\/strong> 18\/09\/2009<\/p>\n<p><strong>Entidad organizadora:<\/strong> ESSA &#8211; European Social Simulation Association<\/p>\n<p><strong>Autores:<\/strong> Hassan, S.; Fuentes-Fern\u00e1ndez, R.; Gal\u00e1n-Ordax, J.M.; L\u00f3pez-Paredes, A.; Pav\u00f3n, J.<\/p>\n<hr \/>\n<p><strong>\u00a0<\/strong><\/p>\n<p><strong>T\u00edtulo del trabajo:<\/strong> New insights on the Emergence of Classes Model.<\/p>\n<p><strong>Nombre del CONGRESO:<\/strong> 6th Conference of the European Social Simulation Association (ESSA 2009)<\/p>\n<p><strong>Ciudad de celebraci\u00f3n:<\/strong> Guilford, Surrey, East and West Sussex, Reino Unido<\/p>\n<p><strong>Fecha de celebraci\u00f3n:<\/strong> 14\/09\/2009<\/p>\n<p><strong>Fecha de finalizaci\u00f3n:<\/strong> 18\/09\/2009<\/p>\n<p><strong>Entidad organizadora:<\/strong> ESSA &#8211; European Social Simulation Association<\/p>\n<p><strong>Autores: <\/strong>Poza-Garc\u00eda, D.J.; Villaf\u00e1\u00f1ez-Carde\u00f1oso, F.A.; Pajares-Guti\u00e9rrez, J.; L\u00f3pez-Paredes, A.; Hern\u00e1ndez-Iglesias, C.<\/p>\n<hr \/>\n<p><strong>\u00a0<\/strong><\/p>\n<p><strong>T\u00edtulo del trabajo:<\/strong> Impact of tag recognition in economic decisions.<\/p>\n<p><strong>Nombre del CONGRESO:<\/strong> Artificial Economics 2009<\/p>\n<p><strong>Ciudad de celebraci\u00f3n:<\/strong> Valladolid, Espa\u00f1a<\/p>\n<p><strong>Fecha de celebraci\u00f3n:<\/strong> 10\/09\/2009<\/p>\n<p><strong>Fecha de finalizaci\u00f3n:<\/strong> 11\/09\/2009<\/p>\n<p><strong>Entidad organizadora:<\/strong> University Lille 1 (Sciences and Technologies), Universidad de Valladolid<\/p>\n<p><strong>Autores: <\/strong>Poza-Garc\u00eda, D.J.; Villaf\u00e1\u00f1ez-Carde\u00f1oso, F.A.; Pajares-Guti\u00e9rrez, J.<\/p>\n<hr \/>\n<p>\u00a0<\/p>\n<p><strong>T\u00edtulo del trabajo:<\/strong> Agent-based Modeling and Simulation of Multi-project Scheduling.<\/p>\n<p><strong>Nombre del CONGRESO:<\/strong> Second Multi-Agent Logics, Languages, and Organisations Federated Workshops (MALLOW\u2019009)<\/p>\n<p><strong>Ciudad de celebraci\u00f3n:<\/strong> Tur\u00edn, Italia<\/p>\n<p><strong>Fecha de celebraci\u00f3n:<\/strong> 07\/09\/2009<\/p>\n<p><strong>Fecha de finalizaci\u00f3n:<\/strong> 10\/09\/2009<\/p>\n<p><strong>Entidad organizadora: <\/strong>Universita degli Studi di Torino, Italy<\/p>\n<p><strong>Autores: <\/strong>Ara\u00fazo-Ara\u00fazo, J.A.; Pajares-Guti\u00e9rrez, J.; L\u00f3pez-Paredes, A.; Pav\u00f3n-Mestras, J.<\/p>\n<p><strong>Disponible en Internet en:<\/strong><\/p>\n<p><a href=\"http:\/\/ceur-ws.org\/Vol-494\/masspaper8.pdf\" target=\"_blank\" rel=\"noopener noreferrer\">http:\/\/ceur-ws.org\/Vol-494\/masspaper8.pdf<\/a><\/p>\n<hr \/>\n<p><strong>\u00a0<\/strong><\/p>\n<p><strong>T\u00edtulo del trabajo:<\/strong> Aplicaciones de las TIC en el nuevo modelo de ense\u00f1anza de EEES.<\/p>\n<p><strong>Nombre del CONGRESO:<\/strong> 3rd International Conference on Industrial Engineering and Industrial Management &#8211; XIII Congreso de Ingenier\u00eda de Organizaci\u00f3n (CIO 2009)<\/p>\n<p><strong>Ciudad de celebraci\u00f3n:<\/strong> Barcelona, Espa\u00f1a<\/p>\n<p><strong>Fecha de celebraci\u00f3n:<\/strong> 02\/09\/2009<\/p>\n<p><strong>Fecha de finalizaci\u00f3n:<\/strong> 04\/09\/2009<\/p>\n<p><strong>Entidad organizadora: <\/strong>ADINGOR &#8211; Asociaci\u00f3n para el Desarrollo de la Ingenier\u00eda de Organizaci\u00f3n<\/p>\n<p><strong>Autores: <\/strong>Santos-Mart\u00edn, J.I.; Gal\u00e1n-Ordax, J.M.; Izquierdo-Mill\u00e1n, L.R.; Del Olmo-Mart\u00ednez, R.<\/p>\n<p><strong>Disponible en Internet en:<\/strong><\/p>\n<p><a href=\"http:\/\/adingor.es\/congresos\/web\/uploads\/cio\/cio2009\/1790-1798.pdf\" target=\"_blank\" rel=\"noopener noreferrer\">http:\/\/adingor.es\/congresos\/web\/uploads\/cio\/cio2009\/1790-1798.pdf<\/a><\/p>\n<hr \/>\n<p><strong>\u00a0<\/strong><\/p>\n<p><strong>T\u00edtulo del trabajo:<\/strong> Project Portfolio Management, selection and scheduling. Bridging the gap between strategy and operations.<\/p>\n<p><strong>Nombre del CONGRESO:<\/strong> 3rd International Conference on Industrial Engineering and Industrial Management &#8211; XIII Congreso de Ingenier\u00eda de Organizaci\u00f3n (CIO 2009)<\/p>\n<p><strong>Ciudad de celebraci\u00f3n:<\/strong> Barcelona, Espa\u00f1a<\/p>\n<p><strong>Fecha de celebraci\u00f3n:<\/strong> 02\/09\/2009<\/p>\n<p><strong>Fecha de finalizaci\u00f3n:<\/strong> 04\/09\/2009<\/p>\n<p><strong>Entidad organizadora: <\/strong>ADINGOR &#8211; Asociaci\u00f3n para el Desarrollo de la Ingenier\u00eda de Organizaci\u00f3n<\/p>\n<p><strong>Autores: <\/strong>Pajares, J.; L\u00f3pez, A.; Ara\u00fazo, A.; Hern\u00e1ndez, C.<\/p>\n<p><strong>Disponible en Internet en:<\/strong><\/p>\n<p><a href=\"http:\/\/adingor.es\/congresos\/web\/uploads\/cio\/cio2009\/1421-1429.pdf\" target=\"_blank\" rel=\"noopener noreferrer\">http:\/\/adingor.es\/congresos\/web\/uploads\/cio\/cio2009\/1421-1429.pdf<\/a><\/p>\n<hr \/>\n<p>\u00a0<\/p>\n<p><strong>T\u00edtulo del trabajo:<\/strong> Red de coautor\u00edas del 2sd International Conference on Industrial Engineering and Industrial Management \u2013 CIO2008<\/p>\n<p><strong>Nombre del CONGRESO:<\/strong> 3rd International Conference on Industrial Engineering and Industrial Management &#8211; XIII Congreso de Ingenier\u00eda de Organizaci\u00f3n (CIO 2009)<\/p>\n<p><strong>Ciudad de celebraci\u00f3n:<\/strong> Barcelona, Espa\u00f1a<\/p>\n<p><strong>Fecha de celebraci\u00f3n:<\/strong> 02\/09\/2009<\/p>\n<p><strong>Fecha de finalizaci\u00f3n:<\/strong> 04\/09\/2009<\/p>\n<p><strong>Entidad organizadora: <\/strong>ADINGOR &#8211; Asociaci\u00f3n para el Desarrollo de la Ingenier\u00eda de Organizaci\u00f3n<\/p>\n<p><strong>Autores: <\/strong>Santos-Mart\u00edn, J.I.; Gal\u00e1n-Ordax, J.M.; Izquierdo-Mill\u00e1n, L.R.; Del Olmo-Mart\u00ednez, R.<\/p>\n<p><strong>Disponible en Internet en:<\/strong><\/p>\n<p><a href=\"http:\/\/adingor.es\/congresos\/web\/uploads\/cio\/cio2009\/1799-1808.pdf\" target=\"_blank\" rel=\"noopener noreferrer\">http:\/\/adingor.es\/congresos\/web\/uploads\/cio\/cio2009\/1799-1808.pdf<\/a><\/p>\n<hr \/>\n<p>\u00a0<\/p>\n<p><strong>T\u00edtulo del trabajo:<\/strong> Nuevas metodolog\u00edas para la integraci\u00f3n de los procesos de selecci\u00f3n y programaci\u00f3n en la gesti\u00f3n de carteras de proyectos.<\/p>\n<p><strong>Nombre del CONGRESO:<\/strong>\u00a013th International Congress on Project Management and Engineering\u00a0\u00a0&#8211; XIII Congreso Internacional de Direcci\u00f3n e Ingenier\u00eda de Proyectos (CIDIP2009)<\/p>\n<p><strong>Ciudad de celebraci\u00f3n:<\/strong> Badajoz, Espa\u00f1a<\/p>\n<p><strong>Fecha de celebraci\u00f3n:<\/strong> 08\/07\/2009<\/p>\n<p><strong>Fecha de finalizaci\u00f3n:<\/strong> 10\/07\/2009<\/p>\n<p><strong>Entidad organizadora: <\/strong>AEIPRO &#8211; Asociaci\u00f3n Espa\u00f1ola de Direcci\u00f3n e Ingenier\u00eda de Proyectos<\/p>\n<p><strong>Autores: <\/strong>Pajares-Guti\u00e9rrez, J.; L\u00f3pez-Paredes, A.<\/p>\n<hr \/>\n<p>\u00a0<\/p>\n<p><strong>T\u00edtulo del trabajo:<\/strong> Online scheduling in multi-project environments. A multi-agent approach.<\/p>\n<p><strong>Nombre del CONGRESO:<\/strong> 7th International Conference on Practical Applications of Agents and Multi-Agent Systems (PAAMS&#8217;09)<\/p>\n<p><strong>Ciudad de celebraci\u00f3n:<\/strong> Salamanca, Espa\u00f1a<\/p>\n<p><strong>Fecha de celebraci\u00f3n:<\/strong> 25\/03\/2009<\/p>\n<p><strong>Fecha de finalizaci\u00f3n:<\/strong> 27\/03\/2009<\/p>\n<p><strong>Entidad organizadora: <\/strong>Fundaci\u00f3n General de la Universidad de Salamanca<\/p>\n<p><strong>Autores: <\/strong>Ara\u00fazo-Ara\u00fazo, J.A.; Gal\u00e1n-Ordax, J.M.; Pajares-Guti\u00e9rrez, J.; L\u00f3pez-Paredes, A.<\/p>\n<p><strong>Disponible en Internet en:<\/strong><\/p>\n<p><a href=\"https:\/\/link.springer.com\/content\/pdf\/10.1007%2F978-3-642-00487-2_31.pdf\" target=\"_blank\" rel=\"noopener noreferrer\">https:\/\/link.springer.com\/content\/pdf\/10.1007%2F978-3-642-00487-2_31.pdf<\/a><\/p>\n<p>[\/et_pb_text][\/et_pb_column][et_pb_column type=\u00bb1_3&#8243; _builder_version=\u00bb3.25&#8243; custom_padding=\u00bb|||\u00bb _i=\u00bb1&#8243; _address=\u00bb1.0.1&#8243; custom_padding__hover=\u00bb|||\u00bb][et_pb_text admin_label=\u00bbLogos\u00bb _builder_version=\u00bb3.27.4&#8243; _i=\u00bb0&#8243; _address=\u00bb1.0.1.0&#8243;]<\/p>\n<p>&nbsp;<\/p>\n<p><img loading=\"lazy\" decoding=\"async\" class=\"size-medium wp-image-7292 aligncenter\" src=\"https:\/\/www.insisoc.uva.es\/wp-content\/uploads\/2018\/11\/1.ieee_-300x107.jpg\" alt=\"\" width=\"266\" height=\"95\" srcset=\"https:\/\/www.insisoc.uva.es\/wp-content\/uploads\/2018\/11\/1.ieee_-300x107.jpg 300w, https:\/\/www.insisoc.uva.es\/wp-content\/uploads\/2018\/11\/1.ieee_-768x273.jpg 768w, https:\/\/www.insisoc.uva.es\/wp-content\/uploads\/2018\/11\/1.ieee_-1024x364.jpg 1024w, https:\/\/www.insisoc.uva.es\/wp-content\/uploads\/2018\/11\/1.ieee_-1080x384.jpg 1080w, https:\/\/www.insisoc.uva.es\/wp-content\/uploads\/2018\/11\/1.ieee_.jpg 1200w\" sizes=\"(max-width: 266px) 100vw, 266px\" \/><\/p>\n<p>&nbsp;<\/p>\n<p>&nbsp;<\/p>\n<p>&nbsp;<\/p>\n<p>&nbsp;<\/p>\n<p>&nbsp;<\/p>\n<p><img loading=\"lazy\" decoding=\"async\" class=\"size-medium wp-image-7293 aligncenter\" src=\"https:\/\/www.insisoc.uva.es\/wp-content\/uploads\/2018\/11\/2.iceri2009-300x300.jpg\" alt=\"\" width=\"249\" height=\"249\" srcset=\"https:\/\/www.insisoc.uva.es\/wp-content\/uploads\/2018\/11\/2.iceri2009-300x300.jpg 300w, https:\/\/www.insisoc.uva.es\/wp-content\/uploads\/2018\/11\/2.iceri2009-150x150.jpg 150w, https:\/\/www.insisoc.uva.es\/wp-content\/uploads\/2018\/11\/2.iceri2009.jpg 756w\" sizes=\"(max-width: 249px) 100vw, 249px\" \/><\/p>\n<p>&nbsp;<\/p>\n<p>&nbsp;<\/p>\n<p>&nbsp;<\/p>\n<p>&nbsp;<\/p>\n<p>&nbsp;<\/p>\n<p>&nbsp;<\/p>\n<p>&nbsp;<\/p>\n<p>&nbsp;<\/p>\n<p>&nbsp;<\/p>\n<p>&nbsp;<\/p>\n<p>&nbsp;<\/p>\n<p>&nbsp;<\/p>\n<p><img loading=\"lazy\" decoding=\"async\" class=\"size-medium wp-image-7294 aligncenter\" src=\"https:\/\/www.insisoc.uva.es\/wp-content\/uploads\/2018\/11\/3.essa08-300x32.gif\" alt=\"\" width=\"300\" height=\"32\" srcset=\"https:\/\/www.insisoc.uva.es\/wp-content\/uploads\/2018\/11\/3.essa08-300x32.gif 300w, https:\/\/www.insisoc.uva.es\/wp-content\/uploads\/2018\/11\/3.essa08-768x82.gif 768w\" sizes=\"(max-width: 300px) 100vw, 300px\" \/><\/p>\n<p>&nbsp;<\/p>\n<p>&nbsp;<\/p>\n<p>&nbsp;<\/p>\n<p>&nbsp;<\/p>\n<p>&nbsp;<\/p>\n<p>&nbsp;<\/p>\n<p>&nbsp;<\/p>\n<p>&nbsp;<\/p>\n<p>&nbsp;<\/p>\n<p>&nbsp;<\/p>\n<p>&nbsp;<\/p>\n<p>&nbsp;<\/p>\n<p>&nbsp;<\/p>\n<p>&nbsp;<\/p>\n<p>&nbsp;<\/p>\n<p>&nbsp;<\/p>\n<p><img loading=\"lazy\" decoding=\"async\" class=\"size-medium wp-image-7295 aligncenter\" src=\"https:\/\/www.insisoc.uva.es\/wp-content\/uploads\/2018\/11\/4.art_.ec_.2009-300x29.jpg\" alt=\"\" width=\"300\" height=\"29\" srcset=\"https:\/\/www.insisoc.uva.es\/wp-content\/uploads\/2018\/11\/4.art_.ec_.2009-300x29.jpg 300w, https:\/\/www.insisoc.uva.es\/wp-content\/uploads\/2018\/11\/4.art_.ec_.2009-768x74.jpg 768w, https:\/\/www.insisoc.uva.es\/wp-content\/uploads\/2018\/11\/4.art_.ec_.2009.jpg 863w\" sizes=\"(max-width: 300px) 100vw, 300px\" \/><\/p>\n<p>&nbsp;<\/p>\n<p>&nbsp;<\/p>\n<p>&nbsp;<\/p>\n<p>&nbsp;<\/p>\n<p>&nbsp;<\/p>\n<p>&nbsp;<\/p>\n<p>&nbsp;<\/p>\n<p>&nbsp;<\/p>\n<p><img loading=\"lazy\" decoding=\"async\" class=\"size-medium wp-image-7296 aligncenter\" src=\"https:\/\/www.insisoc.uva.es\/wp-content\/uploads\/2018\/11\/5.mallow009-300x36.png\" alt=\"\" width=\"300\" height=\"36\" srcset=\"https:\/\/www.insisoc.uva.es\/wp-content\/uploads\/2018\/11\/5.mallow009-300x36.png 300w, https:\/\/www.insisoc.uva.es\/wp-content\/uploads\/2018\/11\/5.mallow009.png 600w\" sizes=\"(max-width: 300px) 100vw, 300px\" \/><\/p>\n<p>&nbsp;<\/p>\n<p>&nbsp;<\/p>\n<p>&nbsp;<\/p>\n<p>&nbsp;<\/p>\n<p>&nbsp;<\/p>\n<p>&nbsp;<\/p>\n<p>&nbsp;<\/p>\n<p>&nbsp;<\/p>\n<p>&nbsp;<\/p>\n<p><img loading=\"lazy\" decoding=\"async\" class=\"size-medium wp-image-7297 aligncenter\" src=\"https:\/\/www.insisoc.uva.es\/wp-content\/uploads\/2018\/11\/6.CIO2009-300x63.jpg\" alt=\"\" width=\"344\" height=\"72\" srcset=\"https:\/\/www.insisoc.uva.es\/wp-content\/uploads\/2018\/11\/6.CIO2009-300x63.jpg 300w, https:\/\/www.insisoc.uva.es\/wp-content\/uploads\/2018\/11\/6.CIO2009.jpg 750w\" sizes=\"(max-width: 344px) 100vw, 344px\" \/><\/p>\n<p>&nbsp;<\/p>\n<p>&nbsp;<\/p>\n<p>&nbsp;<\/p>\n<p>&nbsp;<\/p>\n<p>&nbsp;<\/p>\n<p>&nbsp;<\/p>\n<p>&nbsp;<\/p>\n<p>&nbsp;<\/p>\n<p>&nbsp;<\/p>\n<p>&nbsp;<\/p>\n<p>&nbsp;<\/p>\n<p>&nbsp;<\/p>\n<p>&nbsp;<\/p>\n<p>&nbsp;<\/p>\n<p>&nbsp;<\/p>\n<p>&nbsp;<\/p>\n<p>&nbsp;<\/p>\n<p>&nbsp;<\/p>\n<p>&nbsp;<\/p>\n<p>&nbsp;<\/p>\n<p>&nbsp;<\/p>\n<p>&nbsp;<\/p>\n<p>&nbsp;<\/p>\n<p>&nbsp;<\/p>\n<p>&nbsp;<\/p>\n<p>&nbsp;<\/p>\n<p>&nbsp;<\/p>\n<p>&nbsp;<\/p>\n<p>&nbsp;<\/p>\n<p>&nbsp;<\/p>\n<p>&nbsp;<\/p>\n<p><img loading=\"lazy\" decoding=\"async\" class=\"size-medium wp-image-7298 aligncenter\" src=\"https:\/\/www.insisoc.uva.es\/wp-content\/uploads\/2018\/11\/7.AEIPRO2009-300x116.png\" alt=\"\" width=\"300\" height=\"116\" srcset=\"https:\/\/www.insisoc.uva.es\/wp-content\/uploads\/2018\/11\/7.AEIPRO2009-300x116.png 300w, https:\/\/www.insisoc.uva.es\/wp-content\/uploads\/2018\/11\/7.AEIPRO2009.png 500w\" sizes=\"(max-width: 300px) 100vw, 300px\" \/><\/p>\n<p>&nbsp;<\/p>\n<p>&nbsp;<\/p>\n<p>&nbsp;<\/p>\n<p>&nbsp;<\/p>\n<p>&nbsp;<\/p>\n<p>&nbsp;<\/p>\n<p>&nbsp;<\/p>\n<p><img loading=\"lazy\" decoding=\"async\" class=\"size-medium wp-image-7299 aligncenter\" src=\"https:\/\/www.insisoc.uva.es\/wp-content\/uploads\/2018\/11\/8.PAAMS09.png\" alt=\"\" width=\"221\" height=\"139\" \/><\/p>\n<p>[\/et_pb_text][\/et_pb_column][\/et_pb_row][\/et_pb_section]<\/p>\n","protected":false},"excerpt":{"rendered":"<p>T\u00edtulo del trabajo: Project Portoflio Assessment with MultiAgent Systems.Nombre del evento: IEEE International Conference on Intelligent Computing and Intelligent Systems (ICIS 2009)Ciudad de celebraci\u00f3n: Shanghai, ChinaFecha de celebraci\u00f3n: 20\/11\/2009Fecha de finalizaci\u00f3n: 22\/11\/2009Entidad organizadora: IEEE &#8211; Institute of Electrical and Electronics EngineersAutores: Ara\u00fazo, A.; Pajares, J.; L\u00f3pez-Paredes, A.; Pav\u00f3n, J.\u00a0T\u00edtulo del trabajo: A Survey of University-Industry [&hellip;]<\/p>\n","protected":false},"author":11,"featured_media":0,"parent":0,"menu_order":0,"comment_status":"closed","ping_status":"closed","template":"","meta":{"_et_pb_use_builder":"on","_et_pb_old_content":"","_et_gb_content_width":"","footnotes":""},"class_list":["post-6460","page","type-page","status-publish","hentry"],"_links":{"self":[{"href":"https:\/\/www.insisoc.uva.es\/index.php\/wp-json\/wp\/v2\/pages\/6460","targetHints":{"allow":["GET"]}}],"collection":[{"href":"https:\/\/www.insisoc.uva.es\/index.php\/wp-json\/wp\/v2\/pages"}],"about":[{"href":"https:\/\/www.insisoc.uva.es\/index.php\/wp-json\/wp\/v2\/types\/page"}],"author":[{"embeddable":true,"href":"https:\/\/www.insisoc.uva.es\/index.php\/wp-json\/wp\/v2\/users\/11"}],"replies":[{"embeddable":true,"href":"https:\/\/www.insisoc.uva.es\/index.php\/wp-json\/wp\/v2\/comments?post=6460"}],"version-history":[{"count":0,"href":"https:\/\/www.insisoc.uva.es\/index.php\/wp-json\/wp\/v2\/pages\/6460\/revisions"}],"wp:attachment":[{"href":"https:\/\/www.insisoc.uva.es\/index.php\/wp-json\/wp\/v2\/media?parent=6460"}],"curies":[{"name":"wp","href":"https:\/\/api.w.org\/{rel}","templated":true}]}}