{"id":7837,"date":"2018-12-09T01:20:46","date_gmt":"2018-12-09T01:20:46","guid":{"rendered":"https:\/\/www.insisoc.uva.es\/?page_id=7837"},"modified":"2019-02-08T10:55:04","modified_gmt":"2019-02-08T10:55:04","slug":"ins-workshop-aeipro-joven","status":"publish","type":"page","link":"https:\/\/www.insisoc.uva.es\/index.php\/ins-workshop-aeipro-joven\/","title":{"rendered":"Ins-Workshop AEIPRO Joven"},"content":{"rendered":"<p>[et_pb_section fb_built=\u00bb1&#8243; fullwidth=\u00bbon\u00bb _builder_version=\u00bb3.0.47&#8243;][et_pb_fullwidth_header title=\u00bbInsisoc in the Workshop AEIPRO Joven: Modelos basados en Agentes en la Direcci\u00f3n de Proyectos\u00bb subhead=\u00bbInsisoc participated in this conference with the following works\u00bb title_font_color=\u00bb#ffffff\u00bb subhead_font_color=\u00bb#ffffff\u00bb admin_label=\u00bbT\u00edtulo Insisoc in the Workshop AEIPRO Joven\u00bb _builder_version=\u00bb3.12&#8243; title_font=\u00bb||||||||\u00bb title_text_color=\u00bb#ffffff\u00bb title_font_size=\u00bb27px\u00bb subhead_text_color=\u00bb#ffffff\u00bb subhead_font_size=\u00bb19px\u00bb background_layout=\u00bblight\u00bb max_width_tablet=\u00bb50px\u00bb text_shadow_style=\u00bbpreset5&#8243;][\/et_pb_fullwidth_header][et_pb_fullwidth_menu menu_id=\u00bb51&#8243; submenu_direction=\u00bbdownwards\u00bb fullwidth_menu=\u00bboff\u00bb active_link_color=\u00bb#b26200&#8243; dropdown_menu_line_color=\u00bb#6c9fc1&#8243; dropdown_menu_text_color=\u00bb#000000&#8243; mobile_menu_text_color=\u00bb#000000&#8243; disabled_on=\u00bbon|on|on\u00bb _builder_version=\u00bb3.12&#8243; menu_font=\u00bb|700|||||||\u00bb menu_text_color=\u00bb#000000&#8243; menu_font_size=\u00bb16px\u00bb background_color=\u00bb#d7eaf4&#8243; text_orientation=\u00bbcenter\u00bb animation_style=\u00bbfade\u00bb animation_duration=\u00bb500ms\u00bb disabled=\u00bbon\u00bb saved_tabs=\u00bball\u00bb][\/et_pb_fullwidth_menu][\/et_pb_section][et_pb_section fb_built=\u00bb1&#8243; _builder_version=\u00bb3.0.47&#8243;][et_pb_row make_fullwidth=\u00bbon\u00bb _builder_version=\u00bb3.12&#8243; background_color=\u00bb#cecece\u00bb use_background_color_gradient=\u00bbon\u00bb background_color_gradient_start=\u00bb#81a7c1&#8243; background_color_gradient_end=\u00bb#ededed\u00bb border_radii=\u00bb|25px|25px|25px|25px\u00bb][et_pb_column type=\u00bb1_3&#8243; _builder_version=\u00bb3.0.47&#8243; parallax=\u00bboff\u00bb parallax_method=\u00bbon\u00bb][\/et_pb_column][et_pb_column type=\u00bb1_3&#8243; _builder_version=\u00bb3.0.47&#8243; parallax=\u00bboff\u00bb parallax_method=\u00bbon\u00bb][et_pb_text admin_label=\u00bbImagen IPMA AEIPRO Joven\u00bb _builder_version=\u00bb3.12&#8243; text_orientation=\u00bbcenter\u00bb]<a href=\"https:\/\/www.aeipro.com\/es\/aeipro-joven\/workshop\" target=\"_blank\" rel=\"noopener\"><img loading=\"lazy\" decoding=\"async\" class=\"size-medium wp-image-7398 aligncenter\" src=\"https:\/\/www.insisoc.uva.es\/wp-content\/uploads\/2018\/11\/18.5.IPMA-AEIPRO-JOVEN-300x146.jpg\" alt=\"\" width=\"300\" height=\"146\" srcset=\"https:\/\/www.insisoc.uva.es\/wp-content\/uploads\/2018\/11\/18.5.IPMA-AEIPRO-JOVEN-300x146.jpg 300w, https:\/\/www.insisoc.uva.es\/wp-content\/uploads\/2018\/11\/18.5.IPMA-AEIPRO-JOVEN-768x374.jpg 768w, https:\/\/www.insisoc.uva.es\/wp-content\/uploads\/2018\/11\/18.5.IPMA-AEIPRO-JOVEN-1024x499.jpg 1024w, https:\/\/www.insisoc.uva.es\/wp-content\/uploads\/2018\/11\/18.5.IPMA-AEIPRO-JOVEN-1080x527.jpg 1080w, https:\/\/www.insisoc.uva.es\/wp-content\/uploads\/2018\/11\/18.5.IPMA-AEIPRO-JOVEN.jpg 1614w\" sizes=\"(max-width: 300px) 100vw, 300px\" \/><\/a><br \/>\n[\/et_pb_text][\/et_pb_column][et_pb_column type=\u00bb1_3&#8243; _builder_version=\u00bb3.0.47&#8243; parallax=\u00bboff\u00bb parallax_method=\u00bbon\u00bb][\/et_pb_column][\/et_pb_row][et_pb_row disabled_on=\u00bboff|off|off\u00bb _builder_version=\u00bb3.0.47&#8243; background_size=\u00bbinitial\u00bb background_position=\u00bbtop_left\u00bb background_repeat=\u00bbrepeat\u00bb][et_pb_column type=\u00bb4_4&#8243; _builder_version=\u00bb3.0.47&#8243; parallax=\u00bboff\u00bb parallax_method=\u00bbon\u00bb][et_pb_toggle title=\u00bb2018&#8243; open=\u00bbon\u00bb admin_label=\u00bbConmutador 2018&#8243; _builder_version=\u00bb3.12&#8243; title_font=\u00bb|700|||||||\u00bb]<\/p>\n<p><strong>T\u00edtulo del trabajo:<\/strong> Agent Based Modeling in Project Management.<\/p>\n<p><strong>Nombre del CONGRESO:<\/strong> Workshop AEIPRO Joven 2018: Modelos basados en Agentes en la Direcci\u00f3n de Proyectos<\/p>\n<p><strong>Ciudad de celebraci\u00f3n:<\/strong> Madrid, Espa\u00f1a<\/p>\n<p><strong>Fecha de celebraci\u00f3n:<\/strong> 10\/07\/2018<\/p>\n<p><strong>Entidad organizadora:<\/strong> AEIPRO Joven<span>\u00a0&#8211; Asociaci\u00f3n Espa\u00f1ola de Direcci\u00f3n e Ingenier\u00eda de Proyectos<\/span><\/p>\n<p><strong>Autores:<\/strong> Pajares-Guti\u00e9rrez, J.<\/p>\n<hr \/>\n<p><strong>\u00a0<\/strong><\/p>\n<p><strong>T\u00edtulo del trabajo:<\/strong> Introduction to Netlogo.<\/p>\n<p><strong>Nombre del CONGRESO:<\/strong> Workshop AEIPRO Joven 2018: Modelos basados en Agentes en la Direcci\u00f3n de Proyectos<\/p>\n<p><strong>Ciudad de celebraci\u00f3n:<\/strong> Madrid, Espa\u00f1a<\/p>\n<p><strong>Fecha de celebraci\u00f3n:<\/strong> 10\/07\/2018<\/p>\n<p><strong>Entidad organizadora:<\/strong> AEIPRO Joven<span>\u00a0&#8211; Asociaci\u00f3n Espa\u00f1ola de Direcci\u00f3n e Ingenier\u00eda de Proyectos<\/span><\/p>\n<p><strong>Autores:<\/strong> Poza-Garc\u00eda, D.J.<\/p>\n<p>[\/et_pb_toggle][\/et_pb_column][\/et_pb_row][\/et_pb_section]<\/p>\n","protected":false},"excerpt":{"rendered":"<p>T\u00edtulo del trabajo: Agent Based Modeling in Project Management. Nombre del CONGRESO: Workshop AEIPRO Joven 2018: Modelos basados en Agentes en la Direcci\u00f3n de Proyectos Ciudad de celebraci\u00f3n: Madrid, Espa\u00f1a Fecha de celebraci\u00f3n: 10\/07\/2018 Entidad organizadora: AEIPRO Joven\u00a0&#8211; Asociaci\u00f3n Espa\u00f1ola de Direcci\u00f3n e Ingenier\u00eda de Proyectos Autores: Pajares-Guti\u00e9rrez, J. \u00a0 T\u00edtulo del trabajo: Introduction to [&hellip;]<\/p>\n","protected":false},"author":11,"featured_media":0,"parent":0,"menu_order":0,"comment_status":"closed","ping_status":"closed","template":"","meta":{"_et_pb_use_builder":"on","_et_pb_old_content":"","_et_gb_content_width":"","footnotes":""},"class_list":["post-7837","page","type-page","status-publish","hentry"],"_links":{"self":[{"href":"https:\/\/www.insisoc.uva.es\/index.php\/wp-json\/wp\/v2\/pages\/7837","targetHints":{"allow":["GET"]}}],"collection":[{"href":"https:\/\/www.insisoc.uva.es\/index.php\/wp-json\/wp\/v2\/pages"}],"about":[{"href":"https:\/\/www.insisoc.uva.es\/index.php\/wp-json\/wp\/v2\/types\/page"}],"author":[{"embeddable":true,"href":"https:\/\/www.insisoc.uva.es\/index.php\/wp-json\/wp\/v2\/users\/11"}],"replies":[{"embeddable":true,"href":"https:\/\/www.insisoc.uva.es\/index.php\/wp-json\/wp\/v2\/comments?post=7837"}],"version-history":[{"count":0,"href":"https:\/\/www.insisoc.uva.es\/index.php\/wp-json\/wp\/v2\/pages\/7837\/revisions"}],"wp:attachment":[{"href":"https:\/\/www.insisoc.uva.es\/index.php\/wp-json\/wp\/v2\/media?parent=7837"}],"curies":[{"name":"wp","href":"https:\/\/api.w.org\/{rel}","templated":true}]}}